{"id":994,"date":"2020-06-08T15:36:56","date_gmt":"2020-06-08T19:36:56","guid":{"rendered":"https:\/\/www.fnbfa.ca\/?page_id=994"},"modified":"2020-06-08T15:38:54","modified_gmt":"2020-06-08T19:38:54","slug":"planification-de-lapres-pandemie","status":"publish","type":"page","link":"https:\/\/www.fnbfa.ca\/fr\/planification-de-lapres-pandemie\/","title":{"rendered":"Planification de l&rsquo;apr\u00e8s-pand\u00e9mie"},"content":{"rendered":"<h2><a href=\"https:\/\/www.fnbfa.ca\/wp-content\/uploads\/2020\/05\/lettre-bilingue-finale_planif-post-pande%CC%81mie_post-pandemic-planning_le-6-mai-2020.pdf\">Lettre au ministre de l&rsquo;\u00c9PFT<\/a>, le 6 mai 2020<\/h2>\n<h2><a href=\"https:\/\/www.fnbfa.ca\/wp-content\/uploads\/2020\/06\/Re%CC%81ponse-du-Ministre-Holder_apre%CC%80s-pande%CC%81mie_le-4-juin-2020.pdf\">R\u00e9ponse du ministre de l&rsquo;\u00c9PTF<\/a>, le 4 juin 2020<\/h2>\n","protected":false},"excerpt":{"rendered":"Lettre au ministre de l&rsquo;\u00c9PFT, le 6 mai 2020 R\u00e9ponse du ministre de l&rsquo;\u00c9PTF, le 4 juin 2020","protected":false},"author":4,"featured_media":0,"parent":0,"menu_order":0,"comment_status":"closed","ping_status":"closed","template":"","meta":{"footnotes":""},"class_list":["post-994","page","type-page","status-publish","hentry"],"_links":{"self":[{"href":"https:\/\/www.fnbfa.ca\/fr\/wp-json\/wp\/v2\/pages\/994\/"}],"collection":[{"href":"https:\/\/www.fnbfa.ca\/fr\/wp-json\/wp\/v2\/pages\/"}],"about":[{"href":"https:\/\/www.fnbfa.ca\/fr\/wp-json\/wp\/v2\/types\/page\/"}],"author":[{"embeddable":true,"href":"https:\/\/www.fnbfa.ca\/fr\/wp-json\/wp\/v2\/users\/4\/"}],"replies":[{"embeddable":true,"href":"https:\/\/www.fnbfa.ca\/fr\/wp-json\/wp\/v2\/comments\/?post=994"}],"version-history":[{"count":0,"href":"https:\/\/www.fnbfa.ca\/fr\/wp-json\/wp\/v2\/pages\/994\/revisions\/"}],"wp:attachment":[{"href":"https:\/\/www.fnbfa.ca\/fr\/wp-json\/wp\/v2\/media\/?parent=994"}],"curies":[{"name":"wp","href":"https:\/\/api.w.org\/{rel}","templated":true}]}}

Planification de l&rsquo;après-pandémie

<h2><a href="https://www.fnbfa.ca/wp-content/uploads/2020/05/lettre-bilingue-finale_planif-post-pande%CC%81mie_post-pandemic-planning_le-6-mai-2020.pdf">Lettre au ministre de l&rsquo;ÉPFT</a>, le 6 mai 2020</h2>
<h2><a href="https://www.fnbfa.ca/wp-content/uploads/2020/06/Re%CC%81ponse-du-Ministre-Holder_apre%CC%80s-pande%CC%81mie_le-4-juin-2020.pdf">Réponse du ministre de l&rsquo;ÉPTF</a>, le 4 juin 2020</h2>

Lettre au ministre de l&rsquo;ÉPFT, le 6 mai 2020 Réponse du ministre de l&rsquo;ÉPTF, le 4 juin 2020
