{"version":"1.0","provider_name":"Federation of New Brunswick Faculty Associations","provider_url":"https:\/\/www.fnbfa.ca\/fr\/","author_name":"Melissa Bendig","author_url":"https:\/\/www.fnbfa.ca\/fr\/author\/bendig\/","title":"Blogue du pr\u00e9sident de la FAPPUNB - Federation of New Brunswick Faculty Associations","type":"rich","width":600,"height":338,"html":"<blockquote class=\"wp-embedded-content\" data-secret=\"CltqpjtSDi\"><a href=\"https:\/\/www.fnbfa.ca\/fr\/2024\/10\/02\/blogue-du-president-de-la-fappunb-3\/\">Blogue du pr\u00e9sident de la FAPPUNB<\/a><\/blockquote><iframe sandbox=\"allow-scripts\" security=\"restricted\" src=\"https:\/\/www.fnbfa.ca\/fr\/2024\/10\/02\/blogue-du-president-de-la-fappunb-3\/embed\/#?secret=CltqpjtSDi\" width=\"600\" height=\"338\" title=\"\u00ab\u00a0Blogue du pr\u00e9sident de la FAPPUNB\u00a0\u00bb &#8212; Federation of New Brunswick Faculty Associations\" data-secret=\"CltqpjtSDi\" frameborder=\"0\" marginwidth=\"0\" marginheight=\"0\" scrolling=\"no\" class=\"wp-embedded-content\"><\/iframe><script type=\"text\/javascript\">\n\/* <![CDATA[ *\/\n\/*! This file is auto-generated *\/\n!function(d,l){\"use strict\";l.querySelector&&d.addEventListener&&\"undefined\"!=typeof URL&&(d.wp=d.wp||{},d.wp.receiveEmbedMessage||(d.wp.receiveEmbedMessage=function(e){var t=e.data;if((t||t.secret||t.message||t.value)&&!\/[^a-zA-Z0-9]\/.test(t.secret)){for(var s,r,n,a=l.querySelectorAll('iframe[data-secret=\"'+t.secret+'\"]'),o=l.querySelectorAll('blockquote[data-secret=\"'+t.secret+'\"]'),c=new RegExp(\"^https?:$\",\"i\"),i=0;i<o.length;i++)o[i].style.display=\"none\";for(i=0;i<a.length;i++)s=a[i],e.source===s.contentWindow&&(s.removeAttribute(\"style\"),\"height\"===t.message?(1e3<(r=parseInt(t.value,10))?r=1e3:~~r<200&&(r=200),s.height=r):\"link\"===t.message&&(r=new URL(s.getAttribute(\"src\")),n=new URL(t.value),c.test(n.protocol))&&n.host===r.host&&l.activeElement===s&&(d.top.location.href=t.value))}},d.addEventListener(\"message\",d.wp.receiveEmbedMessage,!1),l.addEventListener(\"DOMContentLoaded\",function(){for(var e,t,s=l.querySelectorAll(\"iframe.wp-embedded-content\"),r=0;r<s.length;r++)(t=(e=s[r]).getAttribute(\"data-secret\"))||(t=Math.random().toString(36).substring(2,12),e.src+=\"#?secret=\"+t,e.setAttribute(\"data-secret\",t)),e.contentWindow.postMessage({message:\"ready\",secret:t},\"*\")},!1)))}(window,document);\n\/\/# sourceURL=https:\/\/www.fnbfa.ca\/wp-includes\/js\/wp-embed.min.js\n\/* ]]> *\/\n<\/script>\n","description":"Une question d\u2019\u00e9quit\u00e9 En 2016, l\u2019honorable Bill Morneau, alors ministre des Finances du Canada, avait d\u00e9fray\u00e9 la chronique en affirmant que les Canadiens devraient s\u2019habituer \u00e0 la pr\u00e9carit\u00e9 du travail et \u00e0 ce qu\u2019il qualifiait d\u2019emplois \u00ab\u00a0mobiles\u00a0\u00bb. Ses commentaires ont suscit\u00e9 de vifs d\u00e9bats publics quant \u00e0 la situation de pr\u00e9carit\u00e9 de travail au Canada..."}

Blogue du président de la FAPPUNB - Federation of New Brunswick Faculty Associations

<blockquote class="wp-embedded-content" data-secret="CltqpjtSDi"><a href="https://www.fnbfa.ca/fr/2024/10/02/blogue-du-president-de-la-fappunb-3/">Blogue du président de la FAPPUNB</a></blockquote><iframe sandbox="allow-scripts" security="restricted" src="https://www.fnbfa.ca/fr/2024/10/02/blogue-du-president-de-la-fappunb-3/embed/#?secret=CltqpjtSDi" width="600" height="338" title="« Blogue du président de la FAPPUNB » &#8212; Federation of New Brunswick Faculty Associations" data-secret="CltqpjtSDi" frameborder="0" marginwidth="0" marginheight="0" scrolling="no" class="wp-embedded-content"></iframe><script type="text/javascript">
/* <![CDATA[ */
/*! This file is auto-generated */
!function(d,l){"use strict";l.querySelector&&d.addEventListener&&"undefined"!=typeof URL&&(d.wp=d.wp||{},d.wp.receiveEmbedMessage||(d.wp.receiveEmbedMessage=function(e){var t=e.data;if((t||t.secret||t.message||t.value)&&!/[^a-zA-Z0-9]/.test(t.secret)){for(var s,r,n,a=l.querySelectorAll('iframe[data-secret="'+t.secret+'"]'),o=l.querySelectorAll('blockquote[data-secret="'+t.secret+'"]'),c=new RegExp("^https?:$","i"),i=0;i<o.length;i++)o[i].style.display="none";for(i=0;i<a.length;i++)s=a[i],e.source===s.contentWindow&&(s.removeAttribute("style"),"height"===t.message?(1e3<(r=parseInt(t.value,10))?r=1e3:~~r<200&&(r=200),s.height=r):"link"===t.message&&(r=new URL(s.getAttribute("src")),n=new URL(t.value),c.test(n.protocol))&&n.host===r.host&&l.activeElement===s&&(d.top.location.href=t.value))}},d.addEventListener("message",d.wp.receiveEmbedMessage,!1),l.addEventListener("DOMContentLoaded",function(){for(var e,t,s=l.querySelectorAll("iframe.wp-embedded-content"),r=0;r<s.length;r++)(t=(e=s[r]).getAttribute("data-secret"))||(t=Math.random().toString(36).substring(2,12),e.src+="#?secret="+t,e.setAttribute("data-secret",t)),e.contentWindow.postMessage({message:"ready",secret:t},"*")},!1)))}(window,document);
//# sourceURL=https://www.fnbfa.ca/wp-includes/js/wp-embed.min.js
/* ]]> */
</script>

Une question d’équité En 2016, l’honorable Bill Morneau, alors ministre des Finances du Canada, avait défrayé la chronique en affirmant que les Canadiens devraient s’habituer à la précarité du travail et à ce qu’il qualifiait d’emplois « mobiles ». Ses commentaires ont suscité de vifs débats publics quant à la situation de précarité de travail au Canada...
